er when ((-2)/4 + i)*(-68)/3 is divided by t.
7
Suppose -2 = 3*s - 20. Suppose -y = 5*y - s. What is the remainder when y/(12/1516) + (-1)/3 is divided by 32?
30
Let j be ((-96)/10)/((-9)/30). Let q(p) = p**3 - 23*p**2 - 417*p - 83. Calculate the remainder when q(35) is divided by (3 - 0)*j/12.
6
Suppose -m + 241 = -4*h, 214 = m - 445*h + 450*h. What is the remainder when m is divided by 85?
59
Let k(m) = 701*m**3 + 4*m**2 - 7*m - 2. What is the remainder when k(2) is divided by 22?
20
Let m = -160 - -494. Suppose 3*j + 10 = 4, -j + m = 3*k. Suppose -208 = -5*s - 3*c, -2*s - c = -0*c - 82. Calculate the remainder when k is divided by s.
36
Calculate the remainder when (-5 + -3)/(-1) - (38 + -418) is divided by 178.
32
Let g be (5/(-4) + 4)*(-9 - -5). Calculate the remainder when g + 170 + (3 - -6) is divided by 25.
18
Suppose 684 = 15*j - 666. What is the remainder when 1088 is divided by j?
8
Suppose 14*t = 30*t - 1696 - 3376. Calculate the remainder when 1595 is divided by t.
10
Suppose -46*t - 97858 = -272*t. Calculate the remainder when t is divided by 230.
203
Suppose -3*i = i - 2*q - 96, -5*i = -4*q - 120. Suppose 2*m + 56 = -i. Let d = m - -62. Calculate the remainder when d is divided by 15.
7
Let u be (24/9)/(6/9). Suppose m + u*d + 95 = 876, 2*d = -2*m + 1574. Calculate the remainder when m is divided by 88.
85
Let z(k) = 2*k**3 + 46*k**2 - 15*k - 47. Calculate the remainder when z(-23) is divided by 91.
25
Let x = -4384 - -4390. What is the remainder when 627 is divided by x?
3
Let v(j) = -j**3 - 22*j**2 - 67*j - 153. Calculate the remainder when 242 is divided by v(-19).
20
Let h = 37 + -16. Let y = -3967 + 4046. Calculate the remainder when y is divided by h.
16
Suppose 3*b = k + 1185, 5*b - 24*k - 1989 = -20*k. Calculate the remainder when b is divided by 30.
3
What is the remainder when 42/(-84)*((1 + 1)*-1 + -6788) is divided by 162?
155
Suppose 0 = 3*p - 27 - 9. Suppose -4*x = 712 + 3932. Let b = x + 1252. Calculate the remainder when b is divided by p.
7
What is the remainder when 662 is divided by 84 + -82 - (3 + -96)?
92
Let q = 35511 - 35216. Suppose -4*i = -4*n - 184, 2*n = 5*i - 0*n - 242. What is the remainder when q is divided by i?
45
Suppose 35*o - 673 + 258 = 2595. What is the remainder when o is divided by (3/(-4))/(1/(-24))?
14
Let r(s) = -365*s + 11236. What is the remainder when r(29) is divided by 31?
0
Let r be -1 - 8/(8/(-15)). Suppose -r - 1 = -3*v. Suppose 3*o = -3*y + 360, -v*o + 599 = y + 3*y. Calculate the remainder when o is divided by 24.
23
Suppose -3*k + 500 = -3*d + 161, -k - 2*d = -119. Let b = 15 + 15. Calculate the remainder when k is divided by b.
25
What is the remainder when (-615)/(-30)*(-4)/(-5)*300/40 is divided by 29?
7
Suppose -2*g + 9 + 5 = 2*w, g - 4*w = -13. Suppose 11*j - g*j - 8 = 0. Let f = 26 + j. Calculate the remainder when 50 is divided by f.
23
Suppose l - 15 = -2*l. Suppose -5*y + 591 = -y + 3*t, -739 = -l*y - 4*t. What is the remainder when y is divided by (-30)/(1/(0/(-5) + -1))?
27
Let c be ((-90)/8)/(6*4/(-256)). Calculate the remainder when 77 is divided by (-10)/c*3 - 73/(-4).
5
Let r = -864 - -864. Suppose -3*a + 2*w - w + 28 = r, 0 = 5*a - 4*w - 35. Calculate the remainder when (-62)/(-3) - (-2)/6 is divided by a.
10
Suppose 5*i - 4*h - 2752 = 0, 2688 = -2*i + 7*i + 4*h. What is the remainder when i is divided by 73?
33
What is the remainder when (1/(-3))/(78532/26178 + -6 + 3) is divided by 11?
7
Let u = -91 + 131. Calculate the remainder when (11 + -12 + 6)*23 is divided by u.
35
Suppose -4*n - 2*c + 54 = 0, 0 = n + 35*c - 37*c - 6. What is the remainder when 477 is divided by n?
9
Suppose 16776 = 174*p - 22966 - 2366. Let k(y) = 12*y - 2. What is the remainder when p is divided by k(7)?
78
Let l(m) = m**3 - 19*m**2 - 1808*m - 81. Calculate the remainder when l(-34) is divided by 13/5 + (-4)/(-10).
0
Suppose -3*v - 2*v = -3*x + 9, -5*v + 5*x - 15 = 0. Suppose -87*m + 82*m - 230 = v. Let g = m - -62. What is the remainder when g is divided by 6?
4
Let c = 26 + -12. Suppose -7*n - 48 = -9*n - 4*m, -3*n + 72 = -4*m. Let i(y) = 2*y + 4. What is the remainder when i(n) is divided by c?
10
Suppose -2*z + 5 = 3*n, 5*z - 5 = -4*n - 3. Calculate the remainder when 30 + (-1 - -2)*z is divided by 16.
12
Suppose 0 = -69*d + 19*d + 3350. Calculate the remainder when 945 is divided by d.
7
Suppose 6*n = 14*n + 504. Let m be 0 - ((-18)/n + (-4)/14). What is the remainder when (-2 + m + 4)*4 is divided by 6?
2
Let d(m) = 2*m**2 + 37. Let h = 123 - 114. Calculate the remainder when d(-5) is divided by h.
6
Suppose -172*n + 23*n = -3452926. What is the remainder when n is divided by 11?
8
Suppose y + 58 - 8 = 3*y. Calculate the remainder when 35 is divided by y.
10
Let a(r) = 4*r**2 - 41*r - 5. Let p = -985 - -1098. Calculate the remainder when a(-4) is divided by p.
110
Let i(j) = -j**3 - 4*j**2 + 10*j - 11. Let y be i(-6). Suppose -f = 2*f - 192. Calculate the remainder when (y/(-2))/((-20)/5040) is divided by f.
62
Let q(b) = -b**2 - 6*b - 1. Let p be q(-5). What is the remainder when 257 is divided by 3*(p/(-42) + 2198/98)?
56
Let p(g) = -3*g**2 + 98*g - 97. Calculate the remainder when 252 is divided by p(30).
109
Let a(u) = 12*u**2 - 189*u + 922. What is the remainder when 829 is divided by a(5)?
275
Let y(a) = a**2 + 24*a + 53. Let p(z) = -6*z - 4. Let b be p(3). What is the remainder when 43 is divided by y(b)?
7
What is the remainder when (-30856)/(-87) + 6/18 is divided by 175?
5
Let z be (-1)/6*-76*(-12)/(-8). Suppose -d - 4*i = i - z, -5*d + 95 = 2*i. What is the remainder when 0/(-2) - -52 - (d - 22) is divided by 29?
26
Let d = -8 - 0. Calculate the remainder when 8*d/(-6)*3 is divided by 1/((-3)/108*-2).
14
Let n(g) = -g**3 + 17*g**2 + 25*g + 22. Let t = -1597 + 1612. Calculate the remainder when n(18) is divided by t.
13
Let x = 29 - 189. Let u = 170 + x. Calculate the remainder when 37 is divided by u.
7
Suppose -52*l = -199*l + 2492 + 1624. What is the remainder when 195 is divided by l?
27
Let k(l) = -l**2 - 32*l - 132. Calculate the remainder when 14164 is divided by k(-10).
84
Suppose -381*k + 379*k = -136. Suppose -b + k = 2*t, t - 2*t = -2*b + 126. What is the remainder when b is divided by 44?
20
Suppose -10*w = -w - 18. Suppose 0 = -w*s - 1 + 31. What is the remainder when 162 is divided by s?
12
Suppose 2*f - 23 = -3*i, -i + 19 = -3*f - 2*f. Calculate the remainder when i is divided by 1*2*((-80)/(-32) - 0).
4
Suppose 111 + 183 = 14*k. What is the remainder when 689 is divided by k?
17
Let f = -4712 + 4751. What is the remainder when 1052 is divided by f?
38
Let r be (-176)/(-10) - (-2)/5. Let c be -6*4/(-36)*r. What is the remainder when 43 is divided by 126/8 - (57/c - 5)?
11
Let c be 126/(-35)*15/(-6). Suppose -3*a + 0 = -c. Suppose 4*i + i + a*x = 276, -10 = -5*x. Calculate the remainder when i is divided by 28.
26
Suppose -578*u = -231*u - 97854. What is the remainder when u is divided by 9?
3
Let w = -22 + 23. Let o be (4 - -267) + -2 + w. Suppose -5*g = -10*g + 5*n + o, -3*g = -n - 160. Calculate the remainder when g is divided by 11.
9
Let k(c) = 10*c - 2. Let r be k(-5). Let s = -41 - r. Suppose 289*y = 286*y + 12. What is the remainder when s is divided by y?
3
Let y = -465 + 666. Calculate the remainder when y is divided by 11488/224 - 4/14.
48
Let h be 30*4/(-4)*14/(-35). Suppose -h*v + 91 = -137. What is the remainder when 31 is divided by v?
12
Suppose -b - 105 = -3*w, -5*w - 4*b + 195 = b. Suppose -589 = -2*g + k + 338, 5*g + k = 2328. Calculate the remainder when g is divided by w.
33
Suppose 8*a - 11*a = -9, -2*k + a + 437 = 0. Suppose -10*s - 10 = -k. What is the remainder when 100 is divided by s?
16
Suppose 3120 = 230*b - 200*b. Calculate the remainder when 352 is divided by b.
40
What is the remainder when 2283 is divided by 10 - 0 - 20 - -201?
182
What is the remainder when 2 + 159 + (-6171)/363 is divided by 131?
13
Let s(r) = 18*r**2 - 77*r - 47. Calculate the remainder when 1664 is divided by s(6).
135
Let o(t) = t + 1. Let w be o(-1). What is the remainder when 164 is divided by 0 + 17 + (1 - (w - -3))?
14
Let q be (7 - (-157)/3)*6. Suppose -3*d + q = d. Calculate the remainder when d is divided by 53.
36
Let q = 224 + -159. Sup